9. Is z(n) a composite number?
False
Let v(j) = -j**3 - 48*j**2 - 173*j - 37. Is v(-50) a composite number?
False
Let t(o) = -9*o**3 - 63*o**2 - 171*o + 11. Is t(-40) a composite number?
False
Let i be ((-3)/6*-6)/((-4)/(-628)). Let q = -296 - i. Let p = q - -1084. Is p composite?
False
Let z(v) = 2*v + 16. Let r be z(-7). Suppose 2*q - r = 4*q. Is 16/16*(492 + q) a composite number?
False
Let f = -314 - -2308. Let p(d) = 347*d**2 + 46*d - 109. Let s be p(2). Suppose -u + f = -s. Is u a prime number?
False
Let i(w) = -3651*w**2 - 5*w + 11. Let m be i(4). Let t be m/(-12) + (20/(-16))/(-5). Suppose -s - t = -4*s. Is s a prime number?
False
Let w(u) = 2*u**2 + 14*u + 1. Let q be w(-7). Let x(l) = 798*l**3 + 2*l**2 - 3*l + 2. Is x(q) composite?
True
Is (2262/4147)/((-2)/(-495847)) prime?
False
Suppose 4*y + 19667 = 2*d + 7*y, -4*y = -4*d + 39364. Let u = d - 4620. Is u prime?
False
Let n(i) = -i**2 - 9*i - 12. Let y be n(-7). Suppose 3*s = 2*s + m - 6, y*m = s + 6. Let d(z) = -13*z**3 - 7*z**2 - 6*z + 7. Is d(s) prime?
False
Suppose 4*u + 19*r - 24*r + 224 = 0, 3*r = 3*u + 168. Is 2509/7 + 24/u a composite number?
True
Let r = 2146 - -548. Let q(i) = r*i - 2694*i + 1 + 3142*i**2. Is q(-1) a composite number?
True
Let r(h) = -6 + 8 - 11*h + 2 + 23*h**3 - 8*h**2. Let s(y) = -12*y**3 + 4*y**2 + 5*y - 2. Let n(l) = -4*r(l) - 9*s(l). Is n(3) composite?
True
Suppose -3*p + 10*g - 14*g = -80755, 5*p - 134580 = 5*g. Is p a composite number?
True
Let o(b) = 87703*b - 13924. Is o(11) composite?
False
Suppose -495164 + 102191 = -21*b. Is b a composite number?
False
Let j be (8 + -1)/((-21)/(-27741)). Suppose -2*m = v - j, 2*v - 18486 = 46*m - 48*m. Is v composite?
False
Let v(j) be the first derivative of -5*j**5/24 + 7*j**4/6 + 7*j**3 + 2. Let b(w) be the third derivative of v(w). Is b(-21) a prime number?
False
Is 53205 - -24*(-4)/(-12) prime?
False
Suppose 5*a - a = 3*h + 49, 5*h + 21 = 2*a. Let y(b) = b**2 - 13*b + 1. Let g be y(a). Is -12 - -13 - 3*g - -1641 prime?
False
Let t = 9 - -45. Let l = t - 20. Is l a composite number?
True
Let o(w) = w + 1. Let b(f) = 83*f + 22. Let a = 67 - 68. Let q(y) = a*b(y) + 3*o(y). Is q(-5) prime?
False
Let y(k) = 14*k**2 + 24*k + 6*k**2 + 14 - 12*k. Let n be y(-5). Suppose 126 + n = 4*c. Is c prime?
False
Let z = 0 + 2. Suppose -8*g + z*g = -g. Suppose m + 5*l - 155 = -0*l, -3*m + 4*l + 465 = g. Is m a prime number?
False
Let n be (36/10)/(2/(-5)). Let v(g) = -9*g + 7 - 13*g**3 + 17*g**2 + 14*g**3 + 1. Is v(n) a prime number?
False
Let x(z) = -z**3 - 8*z**2 - 6*z + 9. Suppose 184*l = 186*l + 26. Let v be x(l). Let c = v - -35. Is c a composite number?
False
Let n(r) = 16*r - 190. Let l be n(13). Suppose -l*k + 6730 = 376. Is k prime?
True
Let q(w) = 475*w**2 + 33*w - 2. Let h be q(6). Suppose -h = -6*g - 2578. Is g a prime number?
False
Suppose -270755 = -2*z - y + 8*y, 2*y = -5*z + 676829. Is z a prime number?
True
Let l(j) be the third derivative of -101*j**4/24 + 178*j**3/3 - 3*j**2 + 11*j. Is l(-35) a prime number?
False
Is ((-11897214)/105)/((-8)/20) prime?
True
Let i = -3838 + 6824. Let q = i + -4596. Let x = q - -2344. Is x composite?
True
Let g = -124 + 63. Let o = 49 + g. Is 4*(-3)/o - -588 a composite number?
True
Let d(z) = 34*z**2 + 18*z + 85. Let f(r) = -9*r + 172. Let c be f(20). Is d(c) composite?
True
Suppose 3 = n, -4*n - 84 = q - 4*q. Suppose -q*o + 23*o + 6057 = 0. Is o a composite number?
False
Let k(t) = t**3 + 7*t**2 - 11*t + 8. Let g be k(-8). Suppose 6*z = -2*z + g. Suppose 0 = -z*j + 5*o + 3687, -2*j + 771 = -3*o - 1072. Is j a composite number?
True
Let j(a) = a**3 + 4*a**2 + a - 3. Let w be j(1). Suppose -36*m - 2*h = -31*m - 31755, -19074 = -3*m + w*h. Is m a composite number?
False
Let w(r) = -7*r**2 - 45*r - 20. Let h(q) = 8*q**2 + 45*q + 19. Let d(g) = 3*h(g) + 4*w(g). Let x(l) be the first derivative of d(l). Is x(-16) composite?
False
Let z be (5 - 0) + (2 - 4). Suppose -z*f = -4*a - 13923, 6 = a + 3. Is f prime?
False
Let p = 127 + -101. Let l = 1949 - p. Is l a prime number?
False
Let c(b) be the second derivative of 7*b**4/3 + 7*b**3/6 + 3*b**2/2 + 21*b. Let x be c(7). Suppose -3*r + x = -2119. Is r prime?
True
Suppose -55*k + 16*k + 301314 = 0. Is k a prime number?
False
Let h = -2711 - -4271. Suppose 6*d - d - h = 0. Is -3*4/60 - d/(-10) a composite number?
False
Let d be (3 - -7794) + 5 + 0 + -1. Let a = d + -5548. Is a prime?
False
Let f(x) = 2*x**2 - 41*x - 40. Let z be f(22). Suppose 236981 = z*n + 44503. Is n a prime number?
False
Let p be 2/(-8) + ((-68)/(-16) - 0). Let q be 33/2*p/(-6). Is 13 + q - ((-717)/1 + 0) a composite number?
False
Is (-1)/(-4) - 3603948/(-16) composite?
True
Suppose 0 = -5*x - 3*g + 46, 125 - 55 = 5*x - 5*g. Let a(i) be the third derivative of i**5/60 + 2*i**4/3 - 2*i**3/3 - 3*i**2. Is a(x) prime?
True
Let n be 1*-16*27/6. Is (1514/(-3))/(n/108) a prime number?
True
Let r = 167814 - -174332. Suppose 413*x + r = 427*x. Is x a composite number?
False
Let m(r) = 5*r**3 + 11*r**2 - 7*r - 13. Let q(g) = -4*g**3 - 10*g**2 + 6*g + 12. Let b(j) = 3*m(j) + 4*q(j). Let a be b(-7). Is ((-4516)/3)/(-4) + (-8)/a prime?
False
Let z(t) = -13 + 3 - 2*t**2 - t - 9*t**3 + 6*t**2. Let i be z(5). Let g = i + 1791. Is g composite?
False
Let g be 6/(-4)*11288/(-3 + -1). Suppose 2*b - g + 299 = 0. Is b composite?
True
Let t be 12*1*3/12. Suppose o + 8257 = -4*p + 2*p, p - t*o = -4111. Let d = 7263 + p. Is d a prime number?
True
Suppose 15*s - 139 = 191. Suppose -s*x - 13655 = -27*x. Is x prime?
True
Is (-68 - -70)/((-4)/(-241778)) prime?
True
Let h(q) = q**3 + 2*q**2 - 4*q - 1244. Let l(y) = 4*y**3 + 9*y**2 - 17*y - 4975. Let p(f) = -9*h(f) + 2*l(f). Let j be p(0). Suppose w = -393 + j. Is w prime?
True
Let q(s) = -8*s**3 - 3*s**2 - 11. Let p be q(-4). Suppose -2*i + 5519 - p = 0. Is i a composite number?
True
Suppose -3*j + 2*j + 121738 = -5*u, 0 = -4*j + 2*u + 486952. Is j composite?
True
Let g(p) = 343*p**2 - 5*p - 37. Suppose -x + 10 = -3*q, 15*q + 28 = 10*q - 4*x. Is g(q) a prime number?
True
Suppose 0 = -11*m + 379275 + 192918 + 189436. Is m composite?
False
Let o(h) = h**3 - 20*h**2 - 16*h - 18. Let r be o(24). Suppose 24610 = 8*m - r. Is m composite?
True
Suppose -194*u - 55*u + 32784304 = -18850079. Is u composite?
False
Let p(j) = 370*j - 33. Let l be (8/(-6) - (-15)/45)*0. Suppose -5*u - 18 = -3*r + 6, -2*r + 2*u + 16 = l. Is p(r) composite?
False
Let g(l) = -l**2 - 8*l - 15. Let r be 1 + -3 + 0 + -2. Let b be g(r). Is (b*-282)/(-4 + 2) a prime number?
False
Let u = -727011 + 1256440. Is u prime?
False
Let d(n) = n**2 - 8*n + 10. Let s be d(8). Let h(l) = 8*l - 32. Let y(a) = a + 3. Let p(x) = h(x) + 5*y(x). Is p(s) a prime number?
True
Let x be 5/(525/9020) - (-22)/231. Suppose 4*h - x = 126. Is h prime?
True
Let u(b) = 2*b + 16. Let s be u(-8). Let f be ((-11980)/(-10))/((-4)/(-6 + 2)). Suppose -2*c - 5*h = -777, s = -c - 2*c - h + f. Is c a prime number?
True
Suppose -274155064 = -540*a + 68*a. Is a prime?
True
Let y = -226 + -936. Let v = y - -1668. Suppose -2*s = 2*o + 3*s - v, s = -4*o + 1012. Is o a prime number?
False
Let x(c) be the second derivative of -c**5/60 + 3761*c**3/6 - c**2 + c. Let f(l) be the first derivative of x(l). Is f(0) a composite number?
False
Let q = -3918 - -4276. Suppose -212 + 24 = -4*b. Is (-47)/b - (0 - q*10) composite?
True
Let o(h) = -h + 7. Let k be o(6). Let m be (k - 2) + (-8 - 1). Is 9828/10 + (-2)/m a composite number?
False
Let l(c) = 5 + 637*c + 45 - 18. Is l(5) a composite number?
False
Let x be 4/(-22) - (-327176)/(-44). Let l = x + 16937. Is l prime?
False
Suppose -76*x - 80*x = -154*x - 2043814. Is x prime?
True
Let c(n) = -5756*n + 244. Let v be c(-16). Suppose -t + 0*t + 4*q + 23097 = 0, -v = -4*t + 4*q. Is t a composite number?
False
Suppose -3*t + 33*d - 37*d = -671506, -2*d = -3*t + 671464. Is t composite?
True
Let w(z) = -2*z**3 - 34*z**2 - 44*z - 207. Let y be w(-16). Let a(b) be the first derivative of -16*b**2 - b - 1. Is a(y) a composite number?
False
Let o be 30/(-10) - 11*-1. Suppose -o*x + 360 = -40. Suppose -749 - x = -3*n + b, -787 = -3*n - 2*b. Is n a composite number?
True
Let a = 238355 + -120520. Is a prime?
False
Let q = -34436 - -191547. Is q composite?
True
Let g(c) = -c**2 - 8*c + 3. Le